 the units digit of 94670?
0
What is the tens digit of 7990?
9
What is the units digit of 144582?
2
What is the thousands digit of 6063?
6
What is the tens digit of 39983?
8
What is the thousands digit of 21304?
1
What is the units digit of 4507?
7
What is the thousands digit of 2239?
2
What is the tens digit of 448?
4
What is the thousands digit of 1651?
1
What is the thousands digit of 6358?
6
What is the tens digit of 11106?
0
What is the ten thousands digit of 32158?
3
What is the thousands digit of 6237?
6
What is the ten thousands digit of 23145?
2
What is the tens digit of 10074?
7
What is the ten thousands digit of 18463?
1
What is the tens digit of 619?
1
What is the units digit of 6993?
3
What is the tens digit of 1826?
2
What is the tens digit of 24167?
6
What is the tens digit of 102281?
8
What is the thousands digit of 122856?
2
What is the tens digit of 2337?
3
What is the thousands digit of 13307?
3
What is the tens digit of 47611?
1
What is the thousands digit of 1785?
1
What is the ten thousands digit of 12725?
1
What is the units digit of 767?
7
What is the tens digit of 2555?
5
What is the hundreds digit of 1056?
0
What is the units digit of 14073?
3
What is the units digit of 5986?
6
What is the units digit of 13090?
0
What is the units digit of 7356?
6
What is the thousands digit of 1741?
1
What is the units digit of 155031?
1
What is the ten thousands digit of 52460?
5
What is the ten thousands digit of 14591?
1
What is the units digit of 2545?
5
What is the hundreds digit of 85818?
8
What is the hundreds digit of 8939?
9
What is the tens digit of 4834?
3
What is the units digit of 2162?
2
What is the hundreds digit of 11826?
8
What is the thousands digit of 1037?
1
What is the thousands digit of 8227?
8
What is the tens digit of 28078?
7
What is the hundreds digit of 221?
2
What is the tens digit of 64098?
9
What is the ten thousands digit of 51931?
5
What is the ten thousands digit of 83123?
8
What is the tens digit of 19912?
1
What is the hundreds digit of 2491?
4
What is the tens digit of 5025?
2
What is the units digit of 11830?
0
What is the thousands digit of 12603?
2
What is the ten thousands digit of 11874?
1
What is the hundreds digit of 1997?
9
What is the tens digit of 991?
9
What is the tens digit of 5390?
9
What is the units digit of 119?
9
What is the tens digit of 9888?
8
What is the tens digit of 1025?
2
What is the units digit of 3565?
5
What is the hundred thousands digit of 142265?
1
What is the tens digit of 984?
8
What is the hundreds digit of 3246?
2
What is the units digit of 1119?
9
What is the ten thousands digit of 11571?
1
What is the units digit of 44394?
4
What is the units digit of 2113?
3
What is the hundreds digit of 10861?
8
What is the thousands digit of 55089?
5
What is the tens digit of 10940?
4
What is the units digit of 44305?
5
What is the tens digit of 900?
0
What is the tens digit of 2350?
5
What is the thousands digit of 95912?
5
What is the thousands digit of 8303?
8
What is the ten thousands digit of 90531?
9
What is the units digit of 18992?
2
What is the hundreds digit of 1017?
0
What is the hundreds digit of 17148?
1
What is the units digit of 1097?
7
What is the hundreds digit of 34562?
5
What is the hundreds digit of 5422?
4
What is the hundreds digit of 65025?
0
What is the hundreds digit of 41239?
2
What is the hundreds digit of 28766?
7
What is the tens digit of 144670?
7
What is the hundreds digit of 11066?
0
What is the hundreds digit of 2713?
7
What is the hundreds digit of 959?
9
What is the hundreds digit of 115031?
0
What is the units digit of 21265?
5
What is the units digit of 3059?
9
What is the tens digit of 46805?
0
What is the tens digit of 2737?
3
What is the units digit of 716?
6
What is the units digit of 10637?
7
What is the hundreds digit of 256?
2
What is the thousands digit of 9237?
9
What is the hundreds digit of 58773?
7
What is the hundreds digit of 2714?
7
What is the ten thousands digit of 36457?
3
What is the hundreds digit of 50760?
7
What is the thousands digit of 4903?
4
What is the tens digit of 27857?
5
What is the hundreds digit of 5910?
9
What is the tens digit of 193?
9
What is the units digit of 28535?
5
What is the units digit of 1923?
3
What is the hundreds digit of 36977?
9
What is the tens digit of 5889?
8
What is the hundreds digit of 65155?
1
What is the thousands digit of 2802?
2
What is the tens digit of 5082?
8
What is the units digit of 77?
7
What is the thousands digit of 4486?
4
What is the hundreds digit of 3509?
5
What is the hundreds digit of 68061?
0
What is the units digit of 3229?
9
What is the hundreds digit of 10525?
5
What is the units digit of 406?
6
What is the hundreds digit of 1295?
2
What is the units digit of 7009?
9
What is the tens digit of 2093?
9
What is the tens digit of 3540?
4
What is the thousands digit of 76884?
6
What is the hundreds digit of 337?
3
What is the hundreds digit of 5240?
2
What is the thousands digit of 88760?
8
What is the units digit of 54100?
0
What is the thousands digit of 179274?
9
What is the units digit of 1726?
6
What is the units digit of 69472?
2
What is the tens digit of 6738?
3
What is the hundreds digit of 1809?
8
What is the units digit of 2380?
0
What is the units digit of 24423?
3
What is the thousands digit of 2572?
2
What is the thousands digit of 105067?
5
What is the hundreds digit of 4169?
1
What is the ten thousands digit of 29745?
2
What is the thousands digit of 2385?
2
What is the thousands digit of 3654?
3
What is the thousands digit of 1954?
1
What is the tens digit of 2995?
9
What is the units digit of 68743?
3
What is the thousands digit of 17600?
7
What is the thousands digit of 2740?
2
What is the ten thousands digit of 35477?
3
What is the tens digit of 5236?
3
What is the units digit of 3630?
0
What is the thousands digit of 2814?
2
What is the thousands digit of 3111?
3
What is the tens digit of 1173?
7
What is the ten thousands digit of 13479?
1
What is the units digit of 1347?
7
What is the units digit of 52428?
8
What is the thousands digit of 49715?
9
What is the hundreds digit of 220?
2
What is the units digit of 7420?
0
What is the ten thousands digit of 21702?
2
What is the tens digit of 3071?
7
What is the ten thousands digit of 12873?
1
What is the tens digit of 576?
7
What is the units digit of 17124?
4
What is the units digit of 3249?
9
What is the ten thousands digit of 12628?
1
What is the units digit of 3116?
6
What is the tens digit of 17208?
0
What is the hundreds digit of 150213?
2
What is the ten thousands digit of 19791?
1
What is the ten thousands digit of 32158?
3
What is the tens digit of 1994?
9
What is the tens digit of 56013?
1
What is the thousands digit of 2876?
2
What is the tens digit of 758?
5
What is the ten thousands digit of 17300?
1
What is the tens digit of 21139?
3
What is the ten thousands digit of 39077?
3
What is the tens digit of 9432?
3
What is the hundreds digit of 56581?
5
What is the thousands digit of 1330?
1
What is the hundreds digit of 1671?
6
What is the thousands digit of 2475?
2
What is the hundreds digit of 4381?
3
What is the thousands digit of 1605?
1
What is the thousands digit of 5921?
5
What is the units digit of 3986?
6
What is the thousands digit of 1722?
1
What is the thousands digit of 1204?
1
What is the thousands digit of 1425?
1
What is the units digit of 19566?
6
What is the hundreds digit of 889?
8
What is the thousands digit of 1929?
1
What is the tens digit of 4660?
6
What is the units digit of 13099?
9
What is the hundreds digit of 348?
3
What is the tens digit of 18045?
4
What is the tens digit of 1013?
1
What is the hundreds digit of 18563?
5
What is the hundreds digit of 634?
6
What is the tens digit of 9260?
6
What is the tens digit of 42?
4
What is the tens digit of 208?
0
What is the tens digit of 22087?
8
What is the units digit of 10851?
1
What is the hundreds digit of 2715?
7
What is the ten thousands digit of 77008?
7
What is the thousands digit of 2332?
2
What is the thousands digit of 20456?
0
What is the hundreds digit of 1484?
4
What is the tens digit of 343?
4
What is the units digit of 1349?
9
What is the ten thousands digit of 37660?
3
What is the ten thousands d